ide 52516?
False
Does 228 divide 1813968?
True
Does 64 divide 3365248?
True
Is 8452728 a multiple of 27?
True
Is 960 a factor of 23526497?
False
Does 23 divide 2473704?
False
Is 118 a factor of 8181016?
False
Is 579 a factor of 793809?
True
Does 32 divide 596032?
True
Does 51 divide 475365?
False
Is 785 a factor of 396425?
True
Is 4 a factor of 264644?
True
Does 529 divide 427589?
False
Is 62540 a multiple of 5?
True
Does 430 divide 1863620?
True
Does 290 divide 515330?
True
Does 70 divide 10895430?
True
Does 49 divide 2332841?
True
Is 2232 even?
True
Is 183 a factor of 2859488?
False
Is 35 a factor of 337297?
False
Is 588125 a multiple of 219?
False
Does 1131 divide 7946406?
True
Does 3 divide 87111?
True
Does 22 divide 119240?
True
Is 6899298 a multiple of 31?
True
Does 6 divide 390444?
True
Does 12 divide 2567640?
True
Is 1615 a factor of 998428?
False
Is 766 a factor of 540030?
True
Is 17 a factor of 104460?
False
Is 1423332 a multiple of 23?
True
Is 151 a factor of 120102?
False
Is 6944 a multiple of 8?
True
Is 139 a factor of 135596?
False
Is 9048483 a multiple of 415?
False
Is 39579 a multiple of 26?
False
Does 22 divide 686312?
True
Does 192 divide 811008?
True
Is 918 a factor of 4262274?
True
Is 54 a factor of 355320?
True
Is 371 a factor of 6383426?
True
Does 456 divide 505704?
True
Is 128641 a multiple of 115?
False
Does 7 divide 54482?
False
Does 160 divide 126959?
False
Is 1077330 a multiple of 885?
False
Does 840 divide 37800?
True
Is 927 a factor of 6774926?
False
Does 724 divide 6267668?
True
Does 40 divide 2707160?
True
Is 15 a factor of 13457?
False
Is 112270 a multiple of 712?
False
Is 92 a factor of 353096?
True
Is 9108271 a multiple of 330?
False
Is 5352599 a multiple of 17?
False
Does 45 divide 5718857?
False
Is 7 a factor of 629783?
True
Does 19 divide 61638?
False
Does 65 divide 125534?
False
Does 8 divide 1081528?
True
Is 19 a factor of 1700920?
False
Does 30 divide 709777?
False
Is 1200 a factor of 3954607?
False
Is 98190 a multiple of 5?
True
Does 50 divide 22011225?
False
Is 99062 a multiple of 2?
True
Is 2774033 a multiple of 240?
False
Does 49 divide 3194604?
True
Is 173 a factor of 6057922?
False
Does 19 divide 7268840?
False
Is 1891974 a multiple of 749?
True
Does 21 divide 41344?
False
Is 13 a factor of 151918?
True
Does 12 divide 60017?
False
Does 49 divide 7465637?
False
Is 27 a factor of 335717?
False
Is 617 a factor of 251265?
False
Is 132 a factor of 198714?
False
Is 2218050 a multiple of 18?
True
Is 11 a factor of 1192834?
False
Does 5 divide 1447415?
True
Is 4690824 a multiple of 8?
True
Is 11 a factor of 493740?
False
Does 3 divide 239719?
False
Does 23 divide 2873230?
False
Does 300 divide 386290?
False
Is 949635 a multiple of 15?
True
Is 26 a factor of 95047?
False
Does 81 divide 10223?
False
Does 194 divide 6757796?
True
Does 482 divide 154978?
False
Is 203 a factor of 1753108?
True
Is 52570 a multiple of 19?
False
Is 78 a factor of 3884166?
True
Is 7 a factor of 365478?
False
Does 193 divide 55777?
True
Does 8 divide 32265?
False
Does 4 divide 4822595?
False
Is 26 a factor of 829894?
True
Is 903154 a multiple of 536?
False
Is 397 a factor of 455823?
False
Does 124 divide 378200?
True
Is 40060 a multiple of 308?
False
Does 131 divide 37600?
False
Does 3 divide 107427?
True
Is 149 a factor of 1332914?
False
Is 83 a factor of 171976?
True
Is 8 a factor of 1266208?
True
Does 13 divide 490600?
False
Is 13 a factor of 218881?
True
Does 79 divide 1528822?
False
Does 23 divide 4159044?
True
Is 1352242 a multiple of 53?
True
Is 291752 a multiple of 7?
False
Is 230076 a multiple of 18?
True
Is 11 a factor of 124674?
True
Is 53944 a multiple of 12?
False
Does 53 divide 643632?
True
Does 1318 divide 345316?
True
Is 80 a factor of 5123440?
True
Is 816 a factor of 14645568?
True
Does 351 divide 572607?
False
Is 8 a factor of 846384?
True
Does 15 divide 517290?
True
Is 33 a factor of 735598?
False
Is 35 a factor of 116398?
False
Does 29 divide 50808?
True
Does 32 divide 907105?
False
Is 15788874 a multiple of 1074?
True
Is 3100 a multiple of 20?
True
Is 17936 a multiple of 38?
True
Is 183744 a multiple of 29?
True
Does 22 divide 197250?
False
Is 109 a factor of 400357?
True
Does 706 divide 733267?
False
Does 9 divide 917604?
True
Is 95 a factor of 126065?
True
Is 16 a factor of 21862288?
True
Is 40284 a multiple of 32?
False
Is 225 a factor of 231903?
False
Does 23 divide 510423?
False
Is 215680 a multiple of 10?
True
Is 15 a factor of 233790?
True
Is 29 a factor of 120594?
False
Is 7 a factor of 509727?
False
Is 5657448 a multiple of 552?
True
Is 287370 a multiple of 5?
True
Is 31628486 a multiple of 1997?
True
Does 11 divide 283317?
False
Is 27 a factor of 291654?
True
Is 111197 a multiple of 26?
False
Is 856504 a multiple of 22?
True
Does 65 divide 142285?
True
Is 19151802 a multiple of 81?
True
Is 1048467 a multiple of 45?
False
Is 8 a factor of 3347544?
True
Does 24 divide 275059?
False
Is 1858840 a multiple of 77?
False
Is 22 a factor of 81334?
True
Is 2584014 a multiple of 269?
True
Is 14869568 a multiple of 448?
True
Does 2 divide 3043924?
True
Is 2287818 a multiple of 39?
True
Does 115 divide 583459?
False
Is 11 a factor of 376046?
True
Does 42 divide 8965425?
False
Does 217 divide 9554739?
False
Does 2 divide 20350?
True
Is 2721500 a multiple of 125?
True
Is 204 a factor of 1990632?
True
Is 30426 a multiple of 34?
False
Is 19 a factor of 197619?
True
Is 5226332 a multiple of 134?
False
Is 2 a factor of 62?
True
Is 347700 a multiple of 10?
True
Is 40 a factor of 367960?
True
Is 464191 a multiple of 141?
False
Is 571785 a multiple of 239?
False
Is 30954 a multiple of 67?
True
Is 26 a factor of 2427259?
False
Is 72 a factor of 38701?
False
Is 2 a factor of 195503?
False
Is 1081158 a multiple of 16?
False
Is 31 a factor of 7176469?
True
Is 217445 a multiple of 190?
False
Does 15 divide 2049420?
True
Does 62 divide 164858?
True
Is 170 a factor of 281860?
True
Does 274 divide 1826484?
True
Is 52 a factor of 302823?
False
Does 95 divide 2325885?
True
Does 7 divide 48230?
True
Is 105 a factor of 203700?
True
Is 1310562 a multiple of 5?
False
Is 13 a factor of 4638626?
False
Does 64 divide 307071?
False
Does 54 divide 12757164?
False
Is 8946 a multiple of 14?
True
Does 1623 divide 3286575?
True
Is 243198 a multiple of 18?
True
Is 836 a factor of 2214564?
True
Is 21 a factor of 874545?
True
Does 494 divide 2412696?
True
Is 2661568 a multiple of 448?
True
Does 7 divide 1115065?
True
Is 33 a factor of 496551?
True
Is 20562 a multiple of 138?
True
Does 2 divide 164892?
True
Is 3579751 a multiple of 287?
True
Is 37 a factor of 788722?
False
Does 21 divide 14599?
False
Does 193 divide 1574108?
True
Is 88426 a multiple of 6?
False
Is 320 a factor of 1815360?
True
Is 863680 a multiple of 20?
True
Does 176 divide 12280008?
False
Is 23 a factor of 585925?
True
Is 10 a factor of 1793116?
False
Does 110 divide 39703215?
False
Is 54540 a multiple of 12?
True
Is 208 a factor of 5282160?
True
Is 30 a factor of 25984?
False
Is 444 a factor of 494080?
False
Does 5 divide 806946?
False
Does 11 divide 3413294?
False
Is 5436 a multiple of 3?
True
Does 130 divide 15479167?
False
Is 27 a factor of 1419413?
False
Is 4763016 a multiple of 36?
True
Is 1911618 a multiple of 23?
False
Is 2657065 a multiple of 5?
True
Is 19110 a multiple of 182?
True
Is 141 a factor of 4213456?
False
Is 14 a factor of 1256066?
True
Is 509532 a multiple of 4?
True
Is 194020 a multiple of 29?
False
Is 100269 a multiple of 124?
False
Is 866145 a multiple of 5?
True
Is 8676940 a multiple of 95?
False
Is 383 a factor of 722721?
True
Does 252 divide 5048311?
False
Does 39 divide 56958?
False
Is 110 a factor of 48950?
True
Is 77089 a multiple of 607?
True
Is 45 a factor of 533790?
True
Is 211037 a multiple of 122?
False
Is 84 a factor of 94895?
False
Is 523974 a multiple of 102?
True
Is 30294 a multiple of 102?
True
Is 17 a factor of 290471?
False
Does 225 divide 498081?
False
Is 6 a factor of 886085?
False
Is 114 a factor of 54754?
False
Is 205 a factor of 2977625?
True
Does 21 divide 125034?
True
Is 306 a factor of 13119994?
False
Is 84 a factor of 858415?
False
Is 7 a factor of 27957?
False
Is 40663 a multiple of 157?
True
Is 2826933 a multiple of 7?
False